and k?
7
Let l(h) = -h**3 + 3*h**2 - 2*h + 4. Let a be l(-3). What is the highest common divisor of a and 8?
8
Let r be 366/10 - -5*15/(-125). Calculate the greatest common factor of r and 4.
4
Suppose -5*l + 3*q + 4468 = 0, -70 = l + 4*q - 959. What is the greatest common factor of l and 19?
19
Let a be 28288/112 - 8/14. What is the highest common factor of a and 140?
28
Suppose -f + 6 = -0. Suppose 84*l = 77*l + 70. Calculate the highest common factor of l and f.
2
Let p be (1*(-3)/(-2))/(99/(-12936)). Let b = p + 224. Suppose 5*y + 5*k - 125 = 0, 3*k = 3*y - 13 - 80. Calculate the greatest common factor of y and b.
28
Let y = 126 + -272. Let o = -78 - y. What is the greatest common divisor of o and 17?
17
Let s = -64 + 63. Let f be ((-2)/4)/(s - (-50)/52). Let t be (-1402)/(-12) + 1/6. What is the greatest common divisor of f and t?
13
Suppose 5*f + z = 29, -3*z + 41 = 5*f + z. Suppose -2*b - 2*b - g = -39, f*g = -b + 24. Suppose i = 5 + 4. What is the greatest common divisor of i and b?
9
Let y = 2056 - 1896. Calculate the highest common divisor of y and 40.
40
Let a(t) = 8*t**2 - 89*t - 679. Let l be a(-7). Calculate the greatest common divisor of l and 21.
21
Let g be -1*-3*2/(-3). Let n be 52/8 + g/(-4). Let w be 1*(-1 - 2/(-1)). What is the highest common divisor of w and n?
1
Suppose 33*i - 403 = 752. Calculate the highest common divisor of i and 50.
5
Let b be (-7)/28 - 15/4. Let m be b/10 - 4791/(-15). Calculate the greatest common factor of m and 29.
29
Suppose -6*f - 32 = -10*f. Suppose 0 = f*i - 3*i + 410. Let d = i + 142. What is the highest common factor of 40 and d?
20
Suppose 17 = 2*q + 5. Suppose -4*a = -q*a + 374. Calculate the highest common factor of a and 17.
17
Let a(l) = 2*l**2 + 7*l - 2. Let r be a(-4). Suppose r*u + 7 = 3*u. What is the greatest common factor of u and 7?
7
Let c(f) = -3*f**2 + 1. Let w be c(-4). Let u = -7 - w. Let m = -4206 - -4216. What is the greatest common factor of m and u?
10
Let i be (-4)/5 - 1498/(-35). Calculate the highest common divisor of 14 and i.
14
Let k be 12/(-42)*(-13 - 1). Suppose k*u = 8*u + 44. Let w be (u*1)/((-5)/65). What is the highest common divisor of w and 13?
13
Suppose -2*f - 3*o + 895 = 0, 2*o - 113 = -3*f + 1217. Suppose 5*t + 195 = 5*s, -8*s + 3*t - 163 = -12*s. What is the greatest common divisor of f and s?
40
Let a(o) = -o**3 + 37*o**2 + 9*o + 85. Let d be a(37). Suppose 3*z - 108 - 6 = 0. What is the greatest common factor of z and d?
38
Let p(o) = 9*o**2 + 4*o - 13. Let g be p(-4). Calculate the highest common divisor of 5 and g.
5
Let b(a) = 2*a**3 - 138*a**2 + 138*a - 103. Let v be b(68). Let l(r) = -2*r - 7. Let c be l(-5). Calculate the highest common factor of v and c.
3
Let f be (-6)/((189/(-144))/21). Calculate the greatest common divisor of 60 and f.
12
Suppose -12*c + 699 - 123 = 0. Calculate the highest common factor of 1392 and c.
48
Suppose 0 = 8*z - 4*z + 4*j - 772, -2*z + 4*j = -404. Calculate the highest common divisor of 84 and z.
28
Let a = -44 + 62. Suppose -13*t - 100 = -a*t. Let y be ((-8)/16)/((-2)/t). Calculate the highest common divisor of y and 1.
1
Suppose 2*d - 70 = -3*d. Suppose d*k = -k + 300. What is the greatest common factor of 60 and k?
20
Suppose -f + x - 3*x - 3 = 0, -5*x - 25 = 0. Suppose -f*r = -r. Let h = r - -6. What is the greatest common divisor of 15 and h?
3
Suppose -220*m = -216*m - 532. What is the highest common factor of 209 and m?
19
Let x = -90 - -302. Let v = x + -130. Let z = v + -56. Calculate the greatest common divisor of 130 and z.
26
Suppose -2*t + 3 = -7, 2*t = 2*l - 16. Let v = l + -11. Suppose 4*o - 16 = 3*o. Calculate the highest common factor of v and o.
2
Let o(n) = -3*n + 13. Let x be o(6). Let q be (-132)/x - 3/(-5). What is the highest common divisor of 3 and q?
3
Suppose -11*l + 6*l + 5 = 0. Let o be 36/6 + 0/l. Suppose -2*m + o + 8 = 0. Calculate the greatest common factor of 77 and m.
7
Let h(y) = y**3 - 7*y**2 - 7*y + 19. Let a be h(8). What is the highest common divisor of 18 and a?
9
Let y(k) = 3*k. Let z be y(1). Suppose z*n - 27 = -c - n, 4*c = -2*n + 108. Let u = 21 - -6. What is the highest common divisor of u and c?
27
Suppose -m = 5*f - 18, 2 = f - 2. Let x = 0 - m. Suppose x*g = 5*g - 300. Calculate the greatest common divisor of g and 40.
20
Suppose -4*u - y + 43 = 0, 4*y = -2*u - 2*u + 40. Let n(x) = 20*x + 1. Let i be n(6). Calculate the greatest common divisor of i and u.
11
Let w = -1049 - -1089. Calculate the highest common divisor of 20 and w.
20
Suppose -49 - 101 = -5*q. Suppose -2*z = -4*y + 15 + 55, 5*z - 20 = -3*y. What is the greatest common factor of q and y?
15
Suppose -l - 3*r + 56 - 52 = 0, 0 = -r - 2. Calculate the greatest common divisor of l and 88.
2
Suppose -4*l = 5*n - 288, 0 = n - 6*l + l - 75. Let f(g) = -g**3 + 11*g**2 + 14*g. Let u be f(12). What is the greatest common divisor of n and u?
12
Let m(i) = 3*i**2 - 25*i - 12. Let w be m(-2). Calculate the greatest common divisor of w and 110.
10
Suppose -4896 = -41*f - 10*f. What is the highest common divisor of 64 and f?
32
Suppose -5*a = -10, 2*a - 55 = 4*n + 45. Let k be n/(-32) - 93/(-4). Calculate the greatest common factor of 16 and k.
8
Let h be -7*(5 - 1)/(-4). Suppose 6*w = h + 29. What is the greatest common factor of w and 48?
6
Let l be (1/10)/(-31*(-33)/20460). Suppose -u = 4*u - 10. Calculate the greatest common divisor of l and u.
2
Let x = 86 + -88. Let s be 6 + 9*(28/(-12) - x). Calculate the greatest common divisor of 27 and s.
3
Suppose 2*h - 3*s = 7*h + 2, h = -5*s - 18. Suppose 0 = -h*d + d + 6. Let q(g) = -2*g + 17. Let t be q(d). Calculate the highest common factor of 50 and t.
5
Let d = 21 + -7. Let j = 2 - d. Let u be (-2)/j + (-68)/(-24). Calculate the greatest common factor of 33 and u.
3
Let c = 7 + 25. Suppose -374 = -9*k - c. Calculate the greatest common divisor of 57 and k.
19
Let m be 1 + 0 + 1 - (-3 - -2). Suppose m*p + 9 = -2*b + 104, -4*b - 129 = -5*p. What is the greatest common divisor of p and 203?
29
Let t = -12 - -18. Suppose -771*p = -776*p + 120. Calculate the greatest common factor of t and p.
6
Suppose -2*z - 2*z + 152 = 0. Calculate the greatest common divisor of z and 418.
38
Let b(i) = 12*i + 35. Let c be b(-14). Let f = c + 173. What is the highest common divisor of f and 100?
20
Let r(s) be the second derivative of -13*s**3/3 + 5*s**2 + 24*s. Let t be r(-5). Calculate the greatest common divisor of 20 and t.
20
Suppose -6*c = 1223 - 4895. Calculate the highest common factor of c and 36.
36
Let w(g) = -g**2 - 12*g - 6. Let c be w(-10). Let t = c - 43. Let a = 11 - t. Calculate the greatest common factor of a and 8.
8
Let k = -26 + 28. Let n be (k + 5/(-3))/((-2)/(-36)). Calculate the highest common factor of 6 and n.
6
Let w be 4*((-6)/9)/(16/(-12)). Let x be w/9 + (-66)/54 + 18. What is the greatest common factor of 51 and x?
17
Let o = 34 - 18. Suppose -o = -b - 5*v + 2, 153 = 5*b + 4*v. Let s be (-11)/b + (-46)/(-3). Calculate the greatest common divisor of s and 30.
15
Suppose -50*c + 59*c - 225 = 0. Calculate the greatest common divisor of 25 and c.
25
Let z be -1*2 + (2 - 5) + 6. Suppose -4*a - 4 = -5*p - 8*a, 8 = 3*p + a. Calculate the highest common divisor of p and z.
1
Suppose -3*l + s + 181 = -2*l, -s = -3*l + 533. Let m be (-1 - 0) + 23 - 0. What is the greatest common divisor of m and l?
22
Let d(v) = -v**3 + 8*v**2 + 8*v + 1. Let b be d(10). Let c = 171 + b. What is the highest common divisor of 13 and c?
13
Let z be (-4 - -15) + (-10 - -3). Calculate the highest common factor of 64 and z.
4
Let z be (0 - (39 + -3)/6)*-14. What is the highest common divisor of 18 and z?
6
Let q(k) = 24*k + 93. Let t be q(-2). Calculate the greatest common divisor of 1215 and t.
45
Let c(b) = b**2 - 1. Let h(n) = 6*n**2 - 2*n - 10. Let t(j) = 5*c(j) - h(j). Let d be t(0). What is the greatest common factor of 1 and d?
1
Suppose 7*i - 2*i = 60. Let r(n) = -n**3 + 14*n**2 - 22*n + 15. Let t be r(i). Calculate the greatest common factor of 26 and t.
13
Let w(v) = -2*v**2 - 16*v - 3. Let r be w(-7). Let y be ((-16)/(-10))/((-5)/(-275)). Calculate the highest common divisor of y and r.
11
Let n = -149 + 210. Let m = -1 + n. Suppose 5*j - 3*j + o = 26, -83 = -5*j + 2*o. C